7?
351
In base 4, what is 3213 - 2?
3211
In base 4, what is 11 - 1023?
-1012
In base 7, what is -4031 - 0?
-4031
In base 4, what is 0 + 111?
111
In base 15, what is 84 + 1?
85
In base 5, what is -2 - 1110?
-1112
In base 12, what is -5 - -60?
57
In base 2, what is 10 + -101011001?
-101010111
In base 13, what is a63 + 9?
a6c
In base 2, what is -10100011100 + -10000?
-10100101100
In base 16, what is -a - -5?
-5
In base 6, what is 34 + -43?
-5
In base 11, what is -843 - 3?
-846
In base 14, what is 3d + 2?
41
In base 16, what is 79 - 1?
78
In base 4, what is -10 - -131?
121
In base 12, what is 5 - -345a?
3463
In base 16, what is -90 + -3?
-93
In base 15, what is 57 + 5?
5c
In base 3, what is 1 + 120220?
120221
In base 4, what is 10 - 323?
-313
In base 16, what is 17 + 9?
20
In base 10, what is 5 - -121?
126
In base 12, what is 367 + -4?
363
In base 10, what is -2 - -8?
6
In base 5, what is -24034 - 2?
-24041
In base 13, what is 3 + 689?
68c
In base 7, what is 5 - 6?
-1
In base 7, what is -2 + 11?
6
In base 16, what is -1 - 736?
-737
In base 5, what is -30102 - 2?
-30104
In base 9, what is 26 - -348?
375
In base 11, what is -10a - 1?
-110
In base 15, what is -9 + 1e?
15
In base 14, what is -3 + -9?
-c
In base 7, what is 4 - 12263?
-12256
In base 15, what is -3 - 18d?
-191
In base 14, what is -4 - 2a?
-30
In base 9, what is 24 + -5?
18
In base 9, what is 150 - -1?
151
In base 12, what is 27 - -3?
2a
In base 13, what is -3 + 219?
216
In base 13, what is 15 + -2?
13
In base 6, what is -1152 + 13?
-1135
In base 14, what is -22 - -2?
-20
In base 10, what is 5 - -10?
15
In base 14, what is 7 - 37?
-30
In base 6, what is -3023 + -1?
-3024
In base 15, what is -22b + 3?
-228
In base 4, what is -2102 - -1?
-2101
In base 9, what is -22 - -1?
-21
In base 12, what is b - 2a8?
-299
In base 7, what is 1364 - 6?
1355
In base 14, what is 0 + -5?
-5
In base 8, what is -124 - -27?
-75
In base 9, what is 317 - 3?
314
In base 8, what is 5 + -33?
-26
In base 13, what is 16 + -10?
6
In base 14, what is -a0 + -5?
-a5
In base 2, what is -111110 + 10?
-111100
In base 10, what is 76 + -4?
72
In base 13, what is a12 + -5?
a0a
In base 14, what is 76a - 4?
766
In base 13, what is -a54b - -3?
-a548
In base 15, what is 255 - 3?
252
In base 10, what is -1 + -9?
-10
In base 5, what is -12 + -223?
-240
In base 16, what is 10 + d?
1d
In base 5, what is 1 - -2001?
2002
In base 16, what is -3 + -247?
-24a
In base 9, what is -3 - 10?
-13
In base 3, what is 20 - -21122?
21212
In base 6, what is 444 - -3?
451
In base 6, what is -4 - -3235?
3231
In base 2, what is 100 - -10111111?
11000011
In base 3, what is 10210 - 2?
10201
In base 15, what is 21 + -4?
1c
In base 2, what is -100 - -1001011101110?
1001011101010
In base 12, what is -131 + 4?
-129
In base 8, what is -2 + -174?
-176
In base 6, what is 3 + -2?
1
In base 14, what is -206 - 1?
-207
In base 4, what is 13131 + 1?
13132
In base 11, what is 194 + -27?
168
In base 8, what is -5 + 167?
162
In base 6, what is -131 + 4?
-123
In base 2, what is -11000000 + 100?
-10111100
In base 12, what is 348 + -51?
2b7
In base 15, what is -7a - 0?
-7a
In base 9, what is 36 - -1?
37
In base 10, what is -2287 - 5?
-2292
In base 3, what is -120011122 - -11?
-120011111
In base 3, what is -1 + -201220?
-201221
In base 6, what is 5 + -5?
0
In base 12, what is 1 - -14?
15
In base 14, what is 66 - -5?
6b
In base 6, what is 13 - 502?
-445
In base 15, what is -4 - 61d?
-622
In base 2, what is 100000010 + -100?
11111110
In base 3, what is -101 + 21021?
20220
In base 7, what is 111 - 1?
110
In base 7, what is 1154 - -5?
1162
In base 12, what is 114b - -2?
1151
In base 3, what is -1 + -1211?
-1212
In base 15, what is 32 - -8?
3a
In base 6, what is 2115 + 2?
2121
In base 8, what is 12 + 24?
36
In base 4, what is 2 - -30210?
30212
In base 16, what is 7 + -4f?
-48
In base 5, what is 1 + 200?
201
In base 5, what is -11 - 1?
-12
In base 9, what is -5 - 527?
-533
In base 4, what is -10 + -1010?
-1020
In base 11, what is 2 + 1141?
1143
In base 11, what is -121 + 7?
-115
In base 16, what is 4 - -a6?
aa
In base 8, what is -1163 + -3?
-1166
In base 6, what is 2 - -1200?
1202
In base 9, what is -4856 - 0?
-4856
In base 16, what is -2 - -8b3?
8b1
In base 3, what is -1120122 - 0?
-1120122
In base 7, what is -11 - -24?
13
In base 16, what is 177 - 0?
177
In base 11, what is -103 + 97?
-17
In base 10, what is -7 - -66?
59
In base 8, what is -27 - -4?
-23
In base 6, what is 203 - 41?
122
In base 9, what is 6 - 5277?
-5271
In base 13, what is 1 + 240?
241
In base 11, what is -55 - -5?
-50
In base 9, what is 23 - 1?
22
In base 4, what is 3 + -2320?
-2311
In base 2, what is 111100100 - -101?
111101001
In base 3, what is 22011 + 1000?
100011
In base 12, what is -1a5 + -5?
-1aa
In base 2, what is -101 + -11001000?
-11001101
In base 8, what is -51 + 6?
-43
In base 8, what is 101 - 14?
65
In base 13, what is -1 - 50?
-51
In base 15, what is 8c + a?
97
In base 9, what is 1 + 144?
145
In base 13, what is -4 - cc?
-103
In base 7, what is -6106 + 4?
-6102
In base 16, what is -a36 - 3?
-a39
In base 9, what is 2 + 3855?
3857
In base 8, what is -1256 + -2?
-1260
In base 7, what is 203 - -25?
231
In base 10, what is -3809 + 5?
-3804
In base 2, what is 1011001 - 10?
1010111
In base 15, what is -3 + 34?
31
In base 7, what is -26 + -5?
-34
In base 4, what is 233 + 2?
301
In base 4, what is 21 - 2?
13
In base 6, what is -23340 + -3?
-23343
In base 5, what is 214 - 14?
200
In base 11, what is -250a + -2?
-2511
In base 13, what is -8 + -a?
-15
In base 6, what is -1 + -303?
-304
In base 13, what is 4b - 5?
46
In base 11, what is -1472 - -6?
-1467
In base 9, what is 84 - -14?
108
In base 8, what is -113 - 10?
-123
In base 9, what is -17662 + 0?
-17662
In base 15, what is 2 + -3e?
-3c
In base 7, what is 3 + -402?
-366
In base 7, what is -105 + -1?
-106
In base 9, what is 77 - -11?
88
In base 7, what is 12 - 232?
-220
In base 7, what is -6 + 1020?
1011
In base 4, what is 3 - 223?
-220
In base 12, what is -1 - -34b?
34a
In base 7, what is 11 + 2?
13
In base 7, what is -1661 - 0?
-1661
In base 10, what is -5 - -28?
23
In base 2, what is -1001100 - -1?
-1001011
In base 5, what is 1324312 + 3?
1324320
In base 8, what is 63 - 16?
45
In base 5, what is -2013 + -2?
-2020
In base 8, what is 16 - 11?
5
In base 9, what is 1547 - -4?
1552
In base 12, what is -13a + -5?
-143
In base 7, what is -61 - 363?
-454
In base 5, what is 304140 - -10?
304200
In base 6, what is -213 + -2?
-215
In base 11, what is -7a3 - -3?
-7a0
In base 2, what is -111110100 - 1?
-111110101
In base 10, what is 8 + 751?
759
In base 13, what is -144 - 7?
-14b
In base 13, what is -c0b + -5?
-c13
In base 8, what is 5 + -34?
-27
In base 2, what is 11 - -10000100010?
10000100101
In base 6, what is -2 + -20233?
-20235
In base 6, what is 5 + 411?
420
In base 14, what is -c - -25?
17
In base 13, what is -6a - -4?
-66
In base 15, what is -3 - e?
-12
In base 4, what is 2321 - -210?
3131
In base 2, what is 101 + 110100?
111001
In base 10, what is -1 - -21?
20
In base 11, what is 56 - -6?
61
In base 2, what is -111000 + -1?
-111001
In base 15, what is 0 + -36?
-36
In base 14, what is 3 - 8b?
-88
In base 6, what is 3 - 233?
-230
In base 9, what is -2288 - 1?
-2300
In base 13, what is -15 - -3?
-12
In base 16, what is -17 + 0?
-17
In base 6, what is -14 + -21?
-35
In base 11, what is 2 + -1956?
-1954
In base 13, what is -7 + 6?
-1
In base 12, what is 97 + 142?
219
In base 7, what is 103 + 140?
243
In base 7, what is 2611 - -3?
2614
In base 11, what is 4 + -15a5?
-15a1
In base 14, what is 4a2b - 3?
4a28
In base 12, what is -319 + 3?
-316
In base 7, what is 53 + 5?
61
In base 16, what is 34 - db?
-a7
In base 15, what is 2 + -3?
-1
In base 4, what is 1 + 2330?
2331
In base 13, what is -c674 + 3?
-c671
In base 10, what is 2 - 1481?
-1479
In base 10, what is -852 + -2?
-854
In base 14, what is 2 + 0?
2
In base 12, what is 138 + -a?
12a
In base 6, what is -45 - 1?
-50
In base 4, what is 3 - -2020?
2023
In base 15, what is 22 - -86?
a8
In base 13, what is 6 + -738?
-732
In base 16, what is 9 + -c?
-3
In base 4, what is 2212 + -1?
2211
In base 5, what is 31 + 124?
210
In base 9, what is 5 + -104?
-88
In base 6, what is 2 + 1015?
1021
In base 3, what is -10100 - 